 What is the tens digit of y?
8
Let a be (-96)/(-720) + 146/30. Suppose -5*m = a*c - 1488 - 4337, 20 = -4*m. What is the thousands digit of c?
1
Let a(w) = 3*w**3 - 8*w**2 + 2. Let x(z) = -7*z**3 + 16*z**2 - z - 3. Let s(g) = -5*a(g) - 3*x(g). What is the hundreds digit of s(5)?
5
Suppose -24036 = -21*z + 140385 + 41022. What is the units digit of z?
3
Let q = 550 - 516. What is the units digit of 3398/4 - (-85)/q?
2
What is the ten thousands digit of 0 + -2372*(5 + (-639)/18)?
7
Suppose -14601 = 6*f - 158672 - 30397. What is the thousands digit of f?
9
Let p = 37727 - 25159. What is the units digit of p?
8
Let k = 6363 - 5549. What is the hundreds digit of k?
8
Let x(t) = t**2 - 10*t - 6. Let w be x(9). Let j be 235/(-25) + w/25. Let q(r) = -r**2 - 14*r - 3. What is the units digit of q(j)?
7
What is the thousands digit of ((-20)/(-7))/(-2*3/(-46011))?
1
Suppose -4*n + 2*b + 57 = -73, -n + 3*b = -20. Let c = n - 57. What is the tens digit of ((-8464)/c)/4 - (-10)/(-55)?
9
Let y(k) = -2*k**3 - 5*k**2 - 10*k + 13. Suppose -2*b + q - 10 = 0, -2*b - 2*q - 12 + 8 = 0. What is the units digit of y(b)?
1
Let c = 23672 + -21272. What is the units digit of c?
0
Let f be ((11710/6)/(-5) - 6)*-3. Let c = f - 422. What is the hundreds digit of c?
7
Suppose 0 = 10*v + 9*v - 8*v - 112904. What is the tens digit of v?
6
Let h = 40904 + -13869. What is the thousands digit of h?
7
Let f = 370 + -364. What is the tens digit of (-121 - -2)/(f/(-36))?
1
Let m(g) = 2*g**2 - 53*g + 170. Let z be m(33). Let w = 1314 - z. What is the tens digit of w?
1
Let a = 65 - 47. Suppose o + a = 26. What is the tens digit of o*1*(0 + 3)*3?
7
Suppose -92*d - 11388 = -96*d. Suppose d = 5*l - c, -3*l + 0*c + 1716 = 2*c. What is the tens digit of l?
7
Let d be 5/(-4)*-2*2 - -6. Suppose -5*x + d*n - 9*n + 443 = 0, -5*n = 3*x - 272. What is the units digit of x?
9
Suppose -109845 = -8*q + 7139. What is the ten thousands digit of q?
1
Let m be (2 + 2)*27/18. Suppose -223 = -m*p - 105823. What is the tens digit of p/(-154) + 2/(-7)?
1
Suppose -23084 = 66*m - 10837 - 107287. What is the hundreds digit of m?
4
Let v = 597 - 381. What is the tens digit of (v/(-63))/(1/(-28))?
9
Suppose 0 = -k + 2*x + 10093, 196*x - 195*x = 2*k - 20180. What is the hundreds digit of k?
0
What is the thousands digit of (-10 - -1)/((-48)/(-11364)*13/(-156))?
5
Let u(o) = 92*o**2 + 181*o + 1903. What is the thousands digit of u(-12)?
2
Suppose 74 - 34 = 8*s. Let u be 1*0/(s + 0). Suppose u = -26*q + 28*q - 118. What is the units digit of q?
9
Suppose -28 = -2*x - 2*x. Let u = 11 - x. What is the units digit of (14/u)/7*(60 + 2)?
1
What is the tens digit of (0 + 1640)/((2/7)/(212/371))?
8
Suppose 3*o - 9 = -w - w, -3 = -o. Suppose 4*q + 103 - 123 = w. Suppose f + 2*a - 69 = -0*f, q*a = -25. What is the tens digit of f?
7
Let g be (-33*16/84)/((-4)/14). Suppose 2*b + 275 = 5*l, -21*l + g*l - 55 = -5*b. What is the tens digit of l?
5
Let i = 20 + -20. Suppose i = -2*a + 4*a - 1090. Suppose a = 3*o - p + 6*p, 5*p = o - 175. What is the hundreds digit of o?
1
Let j = 14397 + 143. What is the thousands digit of j?
4
Suppose 4*a - 3*q = 2*q + 53, a + 2*q = 10. Let o be ((-6)/a)/((-3)/18) + -1. Suppose -o*d = s - 105, 144 + 171 = 3*s - 4*d. What is the units digit of s?
5
Let k = -2981 - -2075. Let c = 453 + k. Let p = c + 672. What is the tens digit of p?
1
Suppose 2*j - 5174 = -5*m + 811, 4*m = -5*j + 14954. What is the tens digit of j?
9
Let c = 9 - 29. Let o be (20 + c)/(-2 + -1). Suppose -5*s + u + 169 = o, -5*u - 73 = -4*s + 58. What is the units digit of s?
4
Let h(s) = 84*s - 5 + 2 + 4 - 5. What is the hundreds digit of h(5)?
4
Let s(j) = j**3 - 2*j**2 + 2*j - 140. Let k be s(0). Let n be (12/8)/(0 - 6/k). Suppose 37*c = n*c + 46. What is the units digit of c?
3
What is the tens digit of (-1 + (-65)/2)/(-22*15/103620)?
1
Let h(x) = -x**3 + 3*x**2 + 7*x + 6. Let s be -2 + -2 - (4 - 20). Let k be ((-6)/4)/(6/s). What is the tens digit of h(k)?
3
Suppose 0 = -2*c - 3 + 45. Suppose f - 12562 = -c*f. What is the units digit of f?
1
Suppose -32 = r - 3*q + q, 5*q + 5 = 0. Let g = -29 - r. Suppose s + g*s - 186 = 0. What is the units digit of s?
1
Suppose -5*q = -c - 574, q - 2990 = 5*c + 6*q. What is the units digit of c/(-90)*(2 + 18)?
2
Let h(d) = 7*d**2 - 3*d + 4. Let f be 13/5 - 48/80. Let a be h(f). Let i = 29 + a. What is the tens digit of i?
5
Let m(a) = 295*a + 1464. What is the tens digit of m(13)?
9
Let b(s) = 1009*s - 347. What is the units digit of b(10)?
3
Suppose 0 = l - 16 + 11. Suppose y - 4*k + 20 = 0, l*k = y + 11 + 14. Suppose 4*b + 3*t - 712 = 0, 2*b + 4*t - 2*t - 356 = y. What is the tens digit of b?
7
Suppose -3424*d + 3441*d - 104771 = 0. What is the hundreds digit of d?
1
Let x = 3993 - -435. Suppose -30*s = -18*s - x. What is the tens digit of s?
6
Let k = -305 + -57. Let l = k - -1016. What is the tens digit of l?
5
Suppose 0 = -3*h - 5*l - 4 + 38, -h - 4*l + 23 = 0. Suppose 15 = 14*a - 9*a. Suppose -p - 47 = -r - 4*p, 0 = -h*r - a*p + 159. What is the tens digit of r?
5
Let h = 375 + -880. Let i = h + 753. What is the hundreds digit of i?
2
Suppose -4*i + 13 - 1 = 0. Suppose -i*r + 5 = -1. Suppose 5*q = c + 396, 0*c + 232 = 3*q - r*c. What is the tens digit of q?
8
What is the tens digit of (25/((-400)/141608))/((-2)/4)?
0
Let n = -157 - -8. What is the tens digit of 13/(52/(-16))*n/4?
4
Suppose 7*n = 5*n + 670. Let f = 451 - n. What is the units digit of f?
6
Let w = -250 + 86. Let q = 854 - w. What is the tens digit of q?
1
What is the thousands digit of -1248*(-18 + 7 + 5)?
7
Let n be (15/(-2) + 4/2)*-6. Suppose -n*w + 3345 = -28*w. What is the hundreds digit of w?
6
Let b(g) = 45 - 88 + 2*g + 52. Let r be b(-3). What is the units digit of 820/6 - 2/r?
6
Let l(i) = -2670*i - 432. What is the tens digit of l(-6)?
8
Let f(n) = n**2 - 3*n - 14. Suppose -2*x = -g - 1, 2*g = -2*x + 4*x - 6. Let l be f(g). Suppose l + 87 = m. What is the hundreds digit of m?
1
Suppose h + 2*h + 2886 = 3*s, -1 = h. Let g = s - 560. What is the tens digit of g?
0
Suppose -20*m - 15026 = -381966. What is the units digit of m?
7
Suppose 5*v - a = 10680, -v = -5*a - 1158 - 954. Suppose -5*i = -g + 719, 3*g = i - 6*i + v. What is the hundreds digit of g?
7
Suppose -54*q + 58*q + m = 24131, -2*q + 12067 = m. What is the units digit of q?
2
Let x = -55 + 203. Suppose 3*w - 2*w = x. Suppose 3*a = -3*p + w + 44, -2*a = p - 126. What is the tens digit of a?
6
Let g(z) = 4*z**3 - 7*z**2 - z + 1. Let c(u) = -4*u**3 + 6*u**2. Let f(y) = 4*c(y) + 5*g(y). What is the tens digit of f(4)?
6
Let a be (42 + 5)*(78 - (-1 - -2)). Suppose 5*l - a = 1711. What is the thousands digit of l?
1
Let c(f) = -f. Let r(x) = -x**2 - 2*x - 85. Let m(g) = -2*c(g) - r(g). What is the tens digit of m(0)?
8
What is the thousands digit of ((-232)/(-12))/((-34)/(-55029))?
1
Let m(n) = -5*n**3 + 7*n**2 + 40*n - 112. What is the ten thousands digit of m(-15)?
1
Suppose -2*q = 3*q - 510. Let w be (-8)/(-36)*18 + 7. Let l = q - w. What is the tens digit of l?
9
Suppose 867 = -c + 4*n + 6023, 25798 = 5*c - 2*n. What is the units digit of c?
0
Suppose -5*w - 3565 - 2147 = -2*x, -2*w = 2*x - 5684. What is the tens digit of x?
4
What is the tens digit of (-307)/(19/(-4256)*2)?
8
Let r(m) = -73*m + 40. Let b be r(17). Let y be b/(-3) - 7/21. Let u = -284 + y. What is the tens digit of u?
1
Let x(k) = -91*k + 3. Let a be x(-8). Let f = a + -241. What is the units digit of f?
0
What is the tens digit of (-15)/(-20)*(-12 + 3216)?
0
Let x(p) = -2631*p**3 + 10*p**2 - 39*p - 154. What is the units digit of x(-3)?
0
Suppose 4767 = -3*x - 2*a - 4818, -a + 3 = 0. Let t = -1301 - x. What is the thousands digit of t?
1
Suppose -26*f + 727037 = -14*f - 359575. What is the thousands digit of f?
0
Suppose -2064 = -11*v + 3975. Let n = v + -291. What is the tens digit of n?
5
Suppose -3880 = 4*u - v, 7*u = 2*u - v - 4859. Let h = 86 - u. What is the hundreds digit of h?
0
Let l(r) be the first derivative of -r**4/4 + 17*r**3/3 - 25*r**2/2 + 23*r - 9. What is the units digit of l(14)?
1
Suppose -4 = -2*f - 0, -t + 4*f = -474. Suppose t = 6*n - 880. What is the tens digit of n?
2
Suppose -2*p = -3*m + p + 3, 4*m - 4 = -2*p. Let u be (7/2)/m*526. Suppose -u = -10*n + 